ppose -29*x + 658 + 38 = m. Let j(q) = -6*q + 1. What is the remainder when x is divided by j(-1)?
3
Let u(w) = 3*w**2 - 3*w + 23. Let g be u(-4). Let a = g - 55. Calculate the remainder when 133 is divided by a.
21
Let h(x) = -x**2 - 1. Let p(v) = v**3 - 13*v**2 - 4*v + 13. Let j = 40 - 41. Let a(q) = j*p(q) - h(q). Calculate the remainder when a(14) is divided by 24.
20
Let j = 883 - 836. Calculate the remainder when j is divided by -15*(2 + -2 - 1).
2
Let c = 3356 + -3345. Calculate the remainder when c is divided by 3.
2
Let i(d) = d**2 - d - 1. Let v(w) = -w + w**3 - 10*w - 31*w**2 + 22*w**2 + 6. Let o be v(10). Calculate the remainder when 93 is divided by i(o).
17
Suppose 20*p - 24*p = -8. Suppose 3*k = -p*i + 106, 24 = k - i - 4*i. Let u = 394 + -261. Calculate the remainder when u is divided by k.
31
Suppose 0 = 79*n + 79*n - 9480. Calculate the remainder when 830 is divided by n.
50
Suppose 93*x - 97*x - 323 = -5*f, 0 = -x - 7. Calculate the remainder when 2524 is divided by f.
46
Suppose 5*a = 5*i - 115, 40*i - 4*a - 38 = 38*i. What is the remainder when 302 is divided by i?
5
Let m be 15 - 1 - (-1 + (-1 - 1)). Suppose 5*o - 69 = 881. Suppose o = m*b - 12*b. What is the remainder when b is divided by 8?
6
Suppose 6084 = -102*g + 154*g. Calculate the remainder when 416 is divided by g.
65
Suppose 6*b + q = 3*b - 33, -b - 4*q - 22 = 0. Let i be (-15842)/b + (-8)/(-10). What is the remainder when 101 is divided by i/45 + (-1)/((-9)/(-2))?
31
Suppose -3*q + 90 = -0*q. Suppose -17*v + 18*v + 4*y + 18 = 0, y - 72 = 4*v. Calculate the remainder when q is divided by v/162*9*-1*17.
13
Let w = -1234 + 1266. Calculate the remainder when 1277 is divided by w.
29
Let q(r) = -r + 31. Let d be q(-24). Suppose 6*s - s = d. What is the remainder when 42 is divided by s?
9
Let m(o) = -8*o + 5. What is the remainder when m(-38) is divided by 108?
93
Let w = 11 - 9. Suppose -5*r - 25 - 12 = -w*h, -h = r - 8. Suppose -p + 139 = 3*p - 3*x, 5*p = -3*x + 140. What is the remainder when p is divided by h?
9
Let g = -29 - -23. Let a(i) = 2*i**2 - 6*i - 5. Suppose -10 = -7*r + 95. Calculate the remainder when a(g) is divided by r.
13
Suppose -3*g = -163 + 34. What is the remainder when ((-35)/7 - -2)/(15/(-1495)) is divided by g?
41
Suppose 11*d - 200 = -24*d + 2075. Suppose -12*p = -9*p - 2916. Calculate the remainder when p is divided by d.
62
Suppose -20 = -4*o, -2*a = 5*o - 749 + 52. What is the remainder when a is divided by 88?
72
Let r be (3 + -4)*(0 - (147 - -2)). Let i = r - 71. Let x = i - 56. Calculate the remainder when 84 is divided by x.
18
Let n = -9405 - -9706. What is the remainder when n is divided by 18?
13
Let g(c) = -49*c**2 + 989*c - 15. What is the remainder when g(18) is divided by 9?
3
Let m(v) = -v**3 + 2*v**2 - 438*v + 2811. Let i = 32 + -19. What is the remainder when m(6) is divided by i?
0
Let w(d) = -39*d + 8. Suppose 4*l + l + 85 = 0. Let n = -5 - l. Calculate the remainder when w(-1) is divided by n.
11
Suppose 4516 + 2176 = 14*d. Let u = 690 - d. What is the remainder when u is divided by 72?
68
Let h = 52 + -45. Let u(c) = -16 + 19*c - 6 + 2 - h*c. Calculate the remainder when u(13) is divided by 20.
16
Let x be (1 - 0)*(-6)/(-2). Suppose -2*f - 42 = -204. Suppose 0 = 2*p + x*k - 152, -2*p = -3*p - 4*k + f. Calculate the remainder when p is divided by 19.
16
What is the remainder when 2194 + 13 - 8/(-5)*(-11 + 16) is divided by 106?
95
Suppose 3*u + 1 = -2*s, 4*u - 2*s - 2 = 20. Suppose 4*v + 28 = 3*j - 39, 2*j - 44 = u*v. Calculate the remainder when j is divided by ((-14)/(-2))/(12/12).
4
What is the remainder when 25 + -27 + (-4)/(-4) + 1427 is divided by 297?
238
Let c(h) be the third derivative of 4*h**6/15 - h**4/24 + h**3/6 + 25*h**2. What is the remainder when c(1) is divided by 6?
2
Suppose 156 + 526 = 11*r - 0*r. Calculate the remainder when 114 is divided by r.
52
Let o(a) = 6*a - 40. Let b be o(7). Suppose b*c = -2*r + 20, c + 3*r - 12 = -0*c. Calculate the remainder when c is divided by 4.
1
Suppose -58*j - 2700 = -135*j + 67*j. Suppose 0 = -2*p - 57 - 1569. What is the remainder when j is divided by p/(-21) - (-4)/14?
36
Let c = -14927 + 14998. Suppose 4*k + 0 + 4 = 0. Calculate the remainder when c is divided by (3/2)/(k/(-12)).
17
Let a = 3008 - 1636. Calculate the remainder when a is divided by 17.
12
Suppose 64*q + r = 60*q + 11425, -5*q + 2*r = -14304. Calculate the remainder when q is divided by 20.
18
Suppose 4*r - 3*i - 1430 = 0, -5*r = -0*r - 2*i - 1784. Let o = -2971 - -2992. What is the remainder when r is divided by o?
20
Let y(r) = -114*r**2 + 449. Calculate the remainder when y(0) is divided by 103.
37
Let o = 11474 - 4805. What is the remainder when o is divided by 7?
5
Suppose -12*w - 6*w - 4712 = -94*w. Calculate the remainder when 725 is divided by w.
43
Suppose -z = 36 - 97. Let f(p) = 5*p**2 + p - 8. Let y be f(-5). Suppose 7*v = -0*v + y. Calculate the remainder when z is divided by v.
13
Suppose -196 = -m - 75. What is the remainder when m is divided by 15?
1
Let j = -40283 - -40358. What is the remainder when 1798 is divided by j?
73
Let j(x) = x**2 + 24*x + 229. Calculate the remainder when 2934 is divided by j(-14).
86
Let l = 147 + -144. Suppose -o - 102 = -3*k - 36, -l*k + 4*o = -75. Calculate the remainder when 145 is divided by k.
19
Let b(c) = 4*c + 37. Let y be b(-10). Let i be 1/1*(y + 127 - -1). Let a = i + -114. What is the remainder when 74 is divided by a?
8
Let v(j) = 124*j + 2286. What is the remainder when 255 is divided by v(-18)?
39
Suppose -9 = 3*b + 3*t, 6*b - 3*t - 3 = 3*b. Let p(w) = -5*w + 1. Calculate the remainder when 6/9*150/4 is divided by p(b).
1
Let t be 83 - (0 + -4) - 5. Suppose -2042 + t = -4*l. What is the remainder when l is divided by 29?
26
Suppose -34*z + 6156 = -5710. Suppose 343*h = z*h - 84. Calculate the remainder when 4*(2 - 9/(-2)) is divided by h.
12
Let w(x) = x**2 + 62*x - 473. What is the remainder when 1366 is divided by w(-69)?
6
Let x = 1264 + -1183. Calculate the remainder when x is divided by 29.
23
Let v be (0 - 1) + -2*39. Let l = -38 - v. Suppose 0 = -49*m + 10443 - 496. Calculate the remainder when m is divided by l.
39
Suppose 5*m = 5, 2*r + m - 8531 = -2460. What is the remainder when r is divided by 69?
68
Let o = -29 + 33. Suppose -5*r = o*m - 188 + 32, -65 = -2*r + m. Calculate the remainder when r is divided by (-166)/(-14) - (-186)/(-217).
10
Suppose 156*n + 2954 = 170*n. What is the remainder when n is divided by 25?
11
Let u be -13 - (1/2 - 15/(-10)). Let d = u + 13. What is the remainder when 81 is divided by (-3 - d)*164/(-4)?
40
Let p be ((-684)/(-48))/((-6)/(-16)). Calculate the remainder when 111 is divided by (3/(-3))/((1/p)/(-1)).
35
Let k(i) = 3*i**2 - 261*i + 79. Let x(y) = -2*y**2 + 130*y - 39. Let a(s) = 2*k(s) + 5*x(s). Calculate the remainder when a(31) is divided by 30.
27
Suppose 1112 - 92 = 99*l - 95*l. Calculate the remainder when l is divided by 54.
39
Let v(m) = 917*m - 9937. Suppose 2*y - 82 = 5*f, -2*y + y - 3*f = -63. Calculate the remainder when v(11) is divided by y.
48
Let i(p) = p**3 + 13*p**2 - p - 8. Let c = -141 + 128. Calculate the remainder when 48 is divided by i(c).
3
Suppose -c + 34 = 23. Suppose 8*i + 12 = c*i. Suppose -n - 471 = -3*z - 4*n, -i*z + 4*n = -588. What is the remainder when z is divided by 31?
28
Let i(j) = 43*j - 1448. What is the remainder when i(41) is divided by 53?
50
Suppose 30*s - 3300 = 1410. Calculate the remainder when 3605 is divided by s.
151
Let h(x) = -2*x + 87. What is the remainder when h(14) is divided by ((-72)/15)/(3/(-15))?
11
Suppose 0 = -5*o + 3*z + 60, -o + 4 = -6*z + 7*z. Suppose 10*u - o*u = 18. Calculate the remainder when 35 is divided by u.
17
What is the remainder when (-581)/70*5*-38 is divided by 260?
17
Suppose 4*v - 252 = -4*n, 5*n - 249 = -239. Calculate the remainder when 2682 is divided by v.
59
Let g = 30018 - 29167. Calculate the remainder when g is divided by 132.
59
What is the remainder when 22/121 + (3 - 10028/(-22)) is divided by 53?
35
Let c(u) be the third derivative of 25*u**4/24 + 19*u**3/3 + 2*u**2 + 35*u. Calculate the remainder when c(3) is divided by 29.
26
Suppose -15*o = -10070 + 320. Calculate the remainder when o is d